h - 5*b + 59 = 0, 3*h + b = h + 44. Calculate the remainder when h is divided by t.
11
Let h(f) = f**2 - 14*f + 8. Calculate the remainder when h(19) is divided by 27.
22
Suppose 0 = -z + 3*j + 10, 0 = 5*z - 0*z + j - 82. Calculate the remainder when z is divided by 9.
7
Let y = 28 - 15. Let n(z) be the second derivative of z**5/20 + 2*z**4/3 - 11*z**3/6 - 13*z**2/2 - 2*z. Calculate the remainder when y is divided by n(-9).
3
Suppose 6*s = 2*s + 124. What is the remainder when s is divided by (1/3)/((-3)/(-153))?
14
Suppose 0*i - 4*i = 3*j - 56, 4*i - 56 = 2*j. What is the remainder when 82 is divided by i?
12
Let c(a) = 2*a - 6. Let t be c(5). Suppose -t*n = -141 + 21. What is the remainder when n is divided by 8?
6
Let j(o) = -o + 2. Suppose 10 - 16 = -3*m. Calculate the remainder when j(0) is divided by m.
0
Let t = -7 + 20. Calculate the remainder when 22 is divided by t.
9
Let l(h) = -h**2 + 5*h + 2. Let i be l(4). Suppose 4*q + i = -2*n, q - 5*q = -5*n + 27. Let m = 5 + q. What is the remainder when 2 is divided by m?
0
Let x = -2 + 6. Suppose 173 = x*j - 5*z, 98 = 5*j + 3*z - 72. What is the remainder when j is divided by 8?
5
Let a(f) = -f**3 - 5*f**2 - 4*f + 5. Let t = -9 - -5. Calculate the remainder when 14 is divided by a(t).
4
Let b(t) = 2*t**2 - 2. Let k be (2/(-6))/((-4)/24). Calculate the remainder when 4/(-2) + 15 - 2 is divided by b(k).
5
Suppose 0 = -p - 3*p - x + 145, -p + 40 = x. What is the remainder when p is divided by 10?
5
Let k = -2 - -11. Suppose 31*h = 36*h - 35. Calculate the remainder when k is divided by h.
2
Let r be (-136)/(-6) - 2/3. Let f = r - 15. What is the remainder when 26 is divided by f?
5
Suppose 3 + 17 = d + 4*b, 5*d - 5*b - 25 = 0. Let g(v) = -v**3 + 7*v**2 + 9*v + 9. What is the remainder when 3*-22*1/(-2) is divided by g(d)?
16
Let w(h) be the first derivative of -h**3/3 + 2*h**2 - 3*h + 2. Let x be w(3). What is the remainder when (2 - x) + -2 + 1 is divided by 1?
0
Suppose -5*q - 7*s = -2*s - 295, 3*s = 0. What is the remainder when q is divided by 15?
14
Let o(p) = p**2 - 3*p - 3. Calculate the remainder when o(-4) is divided by 9.
7
Calculate the remainder when 2 - -3 - (-207 + -10) is divided by 15.
12
Let g(a) = a - 3. Calculate the remainder when 10 is divided by g(9).
4
Let z = 42 + -33. What is the remainder when 38 is divided by z?
2
Suppose 5*r = 4*r + 17. What is the remainder when 63 is divided by r?
12
Let z(r) = -r + 34. What is the remainder when z(10) is divided by 14?
10
Suppose -2*h = 5*a - 84, 2*h = -3*a - 3*h + 58. Let z(m) = 13*m**2 - 2*m - 1. What is the remainder when z(2) is divided by a?
15
Let z(b) = -22*b**3 + b**2 - 1. Let m = -4 - -3. Suppose 15*j = 19*j - 260. Calculate the remainder when j is divided by z(m).
21
Suppose 0*s + 4*s - 11 = -3*m, 0 = 5*m + s - 24. What is the remainder when 16 is divided by m?
1
Let c(t) = 6*t**3 + 2*t**2 - 2*t + 1. Suppose 0 = 4*a + a - 65. What is the remainder when a is divided by c(1)?
6
Suppose -l = -5*l - 8. Let h be 1*5/(-1 - l). Suppose -2*d + 4*d + h*m = 39, 2*d + 2*m - 54 = 0. Calculate the remainder when d is divided by 17.
15
Suppose 4*u - 4*c - 56 = 0, u + 7*c = 4*c + 30. What is the remainder when (-2 - -2) + u/1 is divided by 10?
8
Suppose 24 = 5*d - 6. Let i(l) = 9*l - 2. Calculate the remainder when i(d) is divided by 18.
16
Suppose -1 = -2*c + 3. Let x be (0 - 5)/((-1)/5). Suppose -x + 0 = -5*i. What is the remainder when i is divided by c?
1
Let v = 56 + -28. What is the remainder when v is divided by 17?
11
Suppose 5*s - s = 36. Calculate the remainder when 34 is divided by s.
7
Suppose -p = z - 5, -3*z - 18 = -7*z - 3*p. Suppose -z*b + 50 = -85. Calculate the remainder when b is divided by 12.
9
Suppose -95 = -4*s - 3. What is the remainder when 66 is divided by s?
20
Let h be (345/(-12))/((-2)/8). Suppose 45 = 5*x - h. Calculate the remainder when x is divided by 11.
10
Suppose -3*u + 28 = -u. Let s = u + 6. Calculate the remainder when 78 is divided by s.
18
Suppose -2*f = r - f, -3*f - 4 = 5*r. What is the remainder when 49 is divided by 0/r - (-3 + -22)?
24
Suppose 6*i + 72 = 8*i. Let u = i + -20. What is the remainder when 63 is divided by u?
15
Suppose -5*n - 2*m - 211 = -8*n, -67 = -n + 4*m. What is the remainder when n is divided by 15?
11
Let a(f) = -f**2 - 2*f + 3. Let d be a(-3). Suppose d*y - 5*y = -15. What is the remainder when y is divided by 1?
0
Let i(v) be the second derivative of v**5/20 + 7*v**4/12 - 5*v**3/3 + 5*v**2 - v. What is the remainder when i(-8) is divided by 14?
12
Let a(w) be the third derivative of 5*w**4/24 - 11*w**3/6 + 5*w**2. Let v = -53 + 80. Calculate the remainder when v is divided by a(5).
13
Let i = 13 - -25. Calculate the remainder when i is divided by 5.
3
Let m = -9 - -13. Suppose k + m*f - 9 = 7, 4*k - f = 81. Suppose -5*b + 285 = -5*q, -8*b + 4*b + 2*q + 232 = 0. What is the remainder when b is divided by k?
19
Let n(m) = m**2 + 9*m - 3. Let l be n(-10). Suppose -4*p + l = 23. Let k = 28 + p. Calculate the remainder when 71 is divided by k.
23
Let x = 382 + -686. What is the remainder when ((-6)/(-4))/((-12)/x) is divided by 10?
8
Let t = -50 + 2. Let d = 100 + t. What is the remainder when d is divided by 18?
16
Let h = -23 + 41. Let q = h + 2. What is the remainder when q is divided by 7?
6
Suppose 0 = -3*j + 32 + 19. Let d = -8 - -14. Calculate the remainder when j is divided by d.
5
Let u(x) be the third derivative of -x**4/24 + 11*x**3/3 - 5*x**2. What is the remainder when 41 is divided by u(0)?
19
Suppose 2*o - s - 3 = 0, 0 = 3*o - 3*s - s + 3. Calculate the remainder when 7 is divided by o.
1
Let l = 69 - 2. What is the remainder when l is divided by 14?
11
Let n be 1/(69/68 + -1). Let x be (-1)/(-2)*2*5. Suppose -4*o - 34 = -2*c - o, -4*c = x*o - n. What is the remainder when c is divided by 6?
5
Let u(q) = -2 - 3 + 4 - q. Let r be u(-6). Suppose -3*y + l = -0*l - 56, 4*y - 43 = -r*l. Calculate the remainder when 32 is divided by y.
15
Let n be 83 - (0/1 + -3). Suppose 2 = -4*a + n. Calculate the remainder when a is divided by 8.
5
What is the remainder when 102/4 - 4/8 is divided by 1 + 12 + -2 + 2?
12
Let c = 4 + -4. Suppose 0*n - 3*n + 75 = c. What is the remainder when n is divided by 9?
7
Let w be ((-6)/4)/(6/16). Let c = -3 + w. What is the remainder when 20 is divided by (-51)/(-7) + 2/c?
6
Calculate the remainder when 49 is divided by -12*(-6)/18 - (-21 + -1).
23
Let l(w) = 5*w - 8. Let f be l(6). Let v = -15 + f. Suppose -4*d = t - v*d - 6, 2*d - 24 = -4*t. Calculate the remainder when 16 is divided by t.
4
Calculate the remainder when (-1)/((-28)/2980) - (-6)/(-14) is divided by 27.
25
Let z(x) = x**3 - 6*x**2 - 8*x + 1. Let h be z(7). Let c = h + 41. What is the remainder when c is divided by 9?
8
Suppose 3*v = -v + 84. Calculate the remainder when v is divided by (-1 - -11) + (1 - 0).
10
Suppose l = -2*l. Suppose -34 = h + z, l = -4*h + 4*z - 208 + 56. Calculate the remainder when 35 is divided by (4/(-6))/(2/h).
11
Let q(w) = w**3 - 8*w**2 + 6*w + 10. Let h be q(7). Let b(y) = 2 - 3 + 4*y - 1. What is the remainder when 18 is divided by b(h)?
8
Let i(m) = m**3 + 6*m**2 + 2*m - 8. What is the remainder when i(-4) is divided by 4?
0
Suppose 2*b - b + 3 = 0, -2*l + 5*b + 65 = 0. Suppose 0 = 5*n - 6*n - 18. Let s = n + l. Calculate the remainder when 19 is divided by s.
5
Let b be -124*(-2 - (-3)/2). Suppose 2*y - 194 = 2*f - 6*f, -f = -4*y - b. What is the remainder when f is divided by 17?
16
Suppose 2*c - 6 = 32. What is the remainder when 170 is divided by c?
18
Suppose 0*t - t = 3. What is the remainder when (125/(-10))/(4/(-8)) is divided by -1*9*(2 + t)?
7
Let n be 1/((-124)/64 + 2). Suppose 2*y - n = 14. What is the remainder when y is divided by 4?
3
Let l be (1 + -6)*12/(-20). Suppose -2*o + l*o = 4. What is the remainder when 12 is divided by o?
0
What is the remainder when 25 is divided by 82/6 - 5/(-15)?
11
Let m(o) = -o + 11. Let s(t) = -3*t + 14. Let g be s(11). Let f = g - -23. What is the remainder when m(0) is divided by f?
3
Suppose -247*b = -242*b - 40. What is the remainder when 14 is divided by b?
6
Suppose 4*w - 16 = 4*q, 4*q + 10 = w + 3. Suppose -5*j - 13 = r - 72, -j - 4*r = -27. Calculate the remainder when j is divided